t c = -1654 - -533. Let u = 1633 + c. What are the prime factors of u?
2
Suppose -89*v - p - 1773 = -91*v, -2*v + 4*p = -1782. What are the prime factors of v?
3, 5, 59
Let v = 73625 - 48793. List the prime factors of v.
2, 97
Suppose -31*i + 444533 - 20577 = 0. What are the prime factors of i?
2, 13, 263
Suppose 181773 = -25*y + 34*y. Suppose 0 = 4*n - 23*n + y. List the prime factors of n.
1063
Let d(j) = 3*j**2 + 45*j + 31. Let l be d(-14). Let a(t) = 5*t**2 + 3*t + 13. What are the prime factors of a(l)?
3, 5, 13
Let k(v) = v**3 - 8*v**2 - 49*v + 26. Let m be k(12). Suppose -a = -j + 750, -16*j + m*j - 4*a = -1518. List the prime factors of j.
3, 251
Suppose 7*x + 112 = -9*x. Let t(w) = -5*w - 33. Let p be t(x). What are the prime factors of 3*((-156)/(-3) - p)?
2, 3, 5
Let l(h) = -15*h - 67. Let q be l(-5). Let p(i) = 2*i**3 - 4*i**2 + 9*i - 16. List the prime factors of p(q).
2, 103
Let x(o) = -37*o - 8. Let d be x(-5). Suppose -d = p - 559. List the prime factors of p.
2, 191
Suppose 3*a + 5*u = 2*a - 12, 4*a + 5*u + 3 = 0. Suppose -a*n - 15 = -4*t, 4*t - 21 = 4*n - 5. List the prime factors of ((-326)/(-4))/((-3)/(-18)*t).
163
Let k be (168/5)/(10/150). Suppose -15 = -3*q, 3*g = 6*q - q - 655. Let x = k + g. What are the prime factors of x?
2, 3, 7
Suppose s + 46375 = w, -89*w - 3*s - 231857 = -94*w. What are the prime factors of w?
2, 97, 239
Let d = 46772 + -20991. List the prime factors of d.
7, 29, 127
Suppose -7839 = -t - q, -4*t + 2*q + 25530 = -5802. List the prime factors of t.
5, 1567
Let h = -3874 - -7045. List the prime factors of h.
3, 7, 151
Let a = -29086 - -42361. What are the prime factors of a?
3, 5, 59
Suppose 0 = 7*b - 2*b - 150. Let k be (300*17/51)/((-1)/(-2)). Suppose -b = -y + k. What are the prime factors of y?
2, 5, 23
Let u be 10 - 8*-5*(-1)/10. Suppose u*c + 629 = 2495. List the prime factors of c.
311
Let w(m) = 8*m**3 - m**2 - m + 2. Let p be w(1). Let h(r) be the second derivative of -r**4/12 + 17*r**3/6 - 13*r**2 + 2*r. List the prime factors of h(p).
2, 23
Let m(h) = h**3 + 3*h**2 + 13521. List the prime factors of m(0).
3, 4507
Suppose 2*n - 4808 = -5*p + 627, 3*n = -4*p + 8142. List the prime factors of n.
2, 5, 271
Let g(j) = 294*j**2 - 29*j - 140. List the prime factors of g(-4).
2, 3, 5, 13
Suppose -28*x + 7*x + 84 = 0. What are the prime factors of (4/14)/(x/8036)?
2, 7, 41
What are the prime factors of (341/(-33))/((-4)/2052)?
3, 19, 31
Let v be (-42308)/(-24) + (-20)/(-120). Suppose -2*h - 48*f = -53*f - v, -4*h = -f - 3571. What are the prime factors of h?
2, 3, 149
Let h = 89 + -74. Let p = h + -13. Suppose 0*b = 2*b + 8, 4*q + p*b - 140 = 0. What are the prime factors of q?
37
Suppose -q - 4*j - 4 = 0, -1 = 2*q - 0*j + j. Let w be 2 + -7 + q - -8. Suppose -24 = -h + w*y + 84, -4*h = 4*y - 464. List the prime factors of h.
2, 3, 19
Suppose -5*k = 3*g + 80, -k + g - 5 = 11. Let f(w) = -w**2 - 13*w + 66. List the prime factors of f(k).
2, 3
What are the prime factors of 6/45 - 2401844/(-345)?
2, 59
Suppose 6*x - 103 = -7. What are the prime factors of ((x/(-3))/(-2))/((-188)/(-13818))?
2, 7
Let l be (-32)/(-64) - (-9)/2. Let a be 14/(-21) - (-22)/6. Suppose 3*o + 15 = 0, -l*o - 99 = -a*r + 2*r. What are the prime factors of r?
2, 37
Let o = 44 + -50. Let v = 77 - o. Let l = v - 52. List the prime factors of l.
31
Let x(p) = 16*p**2 + 5*p - 15. Suppose 2*s + 5 = v, -2*v + 5*s = -22 + 7. List the prime factors of x(v).
2, 3, 5
Let y = -164 - -163. Let m(a) = -41*a**3 - a**2 + 2*a + 2. List the prime factors of m(y).
2, 5
Suppose 2*p + 5*x = -15, -3*p - 2*x + 2 + 3 = 0. Suppose 0 = -p*y - 15, 5*v + 12*y = 9*y + 2976. List the prime factors of v.
3, 199
Suppose 6*o - 5*o + s - 7369 = 0, -3*s = -2*o + 14708. List the prime factors of o.
37, 199
Let h(p) = -9 + 0*p + p**3 + 4*p**2 + 7 - 14 + 3*p. Let b be h(9). Suppose -6*y + 13*y = b. List the prime factors of y.
2, 19
Let i = 61 - 62. Let z be 8 + -3 + (3 - (6 + i)). Suppose -130 = -g - z*a - 31, 5*g - 3*a - 405 = 0. List the prime factors of g.
2, 3, 7
Let l = -5705 + 6877. List the prime factors of l.
2, 293
Let b = 4 + -2. Suppose 0 = -b*v + 33 + 75. Let k = v + -34. What are the prime factors of k?
2, 5
Suppose y + g - 2919 = 0, 3*y + 17*g = 24*g + 8807. List the prime factors of y.
2, 17, 43
Let h(t) = -t**3 + 7*t**2 - 2*t - 20. Let v be h(6). Suppose 5*k - 1203 - 1155 = -2*m, v*k - 3551 = -3*m. What are the prime factors of m?
29, 41
Let j = 65 - 45. Suppose -221 = j*i - 1281. What are the prime factors of i?
53
Let u = 17037 - 11641. List the prime factors of u.
2, 19, 71
Let r = 38214 + -22314. Suppose -82*q = -57*q - r. What are the prime factors of q?
2, 3, 53
Suppose 7*w - 23 = -23. Suppose w = a + g - 110, -4*g = 2*a - g - 220. What are the prime factors of a?
2, 5, 11
Let i(b) = -1258*b**3 + 4*b**2 + 32*b + 23. List the prime factors of i(-3).
7, 37, 131
Suppose -3*z = -h - 39276, 2*h = 30*z - 28*z - 26188. List the prime factors of z.
13, 19, 53
Let i = 11 + 0. Let l = i + 159. What are the prime factors of l?
2, 5, 17
Let w be (-14041)/(-114) + 1/(-6). Let r = 198 - w. What are the prime factors of r?
3, 5
Let j = -49 - -23. Let m = j - -21. Let k = m + 62. What are the prime factors of k?
3, 19
Suppose -5 + 4 = s. Let i be (0 + 1 - -1)*s - -58. Let u = 121 - i. List the prime factors of u.
5, 13
Let k(a) = -190*a - 1778. List the prime factors of k(-66).
2, 5381
Suppose -5*b + 3*l = 15, 0*b + b + 4*l - 20 = 0. Suppose 4*r = -0*r + 5*y + 1242, b = -5*r - 4*y + 1573. List the prime factors of r.
313
Let n(v) = -4*v + 192. Let d be n(0). Suppose -417 - d = 7*r. Let s = 181 + r. List the prime factors of s.
2, 47
Let n = -9838 - -2953. List the prime factors of ((-4)/10)/((0 - -3)/n).
2, 3, 17
Suppose -3*d - 166 + 31 = 0. Let t be (378/d)/(((-3)/(-20))/(-1)). Suppose -r = -3*h - 3*r + 109, 2*h - 2*r - t = 0. What are the prime factors of h?
3, 11
Let k = -3 - -17. Suppose -u - 47 = 2*h - k, 0 = -5*u - 25. What are the prime factors of (-1368)/h - -1 - (-6)/21?
3, 11
Let u(s) = 15*s - 19. Let d be u(3). Suppose -3*h - 70 = -h - 2*z, 0 = -2*h + 4*z - 72. Let a = d - h. List the prime factors of a.
2, 3, 5
Let z be (3/(-6) + 2)*(21 + -57). What are the prime factors of (-29540)/56*(2 + z/15)?
2, 211
Suppose -83000 = -434*i + 431*i + 2*p, -i = p - 27660. What are the prime factors of i?
2, 7, 13, 19
Let z be (-2)/((-2)/(-3)*(-3)/109). Suppose 4*v - 36 - 12 = -2*m, -5*m + z = -v. Let d = m - -13. What are the prime factors of d?
5, 7
Let w(q) = -146*q**2 + 17*q - 76. Let d be w(5). Let f = d - -5132. List the prime factors of f.
3, 7, 71
Let x be 10/(-2)*(-18)/45. Suppose 15*o = -x*m + 12*o + 1311, -5*o + 1964 = 3*m. What are the prime factors of m?
3, 13, 17
Let s(c) be the third derivative of -25*c**4/24 - 11*c**3/6 - 33*c**2. Let b(y) = -23*y - 10. Let t(a) = -2*b(a) + 3*s(a). What are the prime factors of t(-6)?
7, 23
Suppose 6*a + 5*b = 218275, -181960 = 112*a - 117*a + 5*b. List the prime factors of a.
5, 19, 383
Let s = -424 - 40. Let j = 1087 + s. What are the prime factors of j?
7, 89
Suppose -q - 2*p + 32501 = 0, p = 2*q - 13321 - 51681. List the prime factors of q.
7, 4643
Let w(n) = -8*n**3 - 2*n**2 - 4*n + 3. Let u be w(-4). Suppose -103*h = 118*h - 591 - 293. Suppose -h*s = -u - 77. What are the prime factors of s?
2, 3
Let z(m) = 74*m**2 - 2*m + 320. What are the prime factors of z(0)?
2, 5
Let b(l) be the third derivative of l**5/20 - l**4/2 + 16*l**3/3 - 10*l**2 + 2*l. What are the prime factors of b(12)?
2, 5
Let v be 14084/(-22) + 1/(33/6). Let w = -189 - v. List the prime factors of w.
11, 41
Let o(a) = -a**3 + 4*a**2 + 2*a + 12. Let u be o(5). List the prime factors of -5*u/(-15)*-4 - -16.
2, 5
Suppose 117*q = 119*q - 60. List the prime factors of 750 - q/(12 + -6).
5, 149
Let x(y) = 7*y + 65. Let d be x(-10). Let a(l) = 33*l**2 - 21*l - 50. List the prime factors of a(d).
2, 5, 11
Let q(z) = -557*z**2 + 5*z - 4. Let v be q(1). Let u = 1024 + v. List the prime factors of u.
2, 3, 13
Let k = 4771 - 1373. List the prime factors of k.
2, 1699
Let d be 5 + -6 + 1 + 0. List the prime factors of 186 + d + (26 - 22).
2, 5, 19
Let p(b) = 13*b - 7. Let o(h) = 221*h - 117. Let w(n) = -3*o(n) + 52*p(n). Let z = 8 - 5. List the p